{"id":13,"date":"2015-03-07T09:48:49","date_gmt":"2015-03-07T08:48:49","guid":{"rendered":"http:\/\/gartenglueck-chemnitz.de\/?page_id=13"},"modified":"2025-02-22T10:56:50","modified_gmt":"2025-02-22T09:56:50","slug":"kleingaerten","status":"publish","type":"page","link":"https:\/\/gartenglueck-chemnitz.de\/?page_id=13","title":{"rendered":"Kleing\u00e4rten"},"content":{"rendered":"<p>Unser Kleingartenverein verf\u00fcgt \u00fcber 338 Gartenparzellen unterschiedlicher Gr\u00f6\u00dfe und Bebauung. Hier finden Sie die zur Zeit freien G\u00e4rten. Sollten Sie Interesse an einem Garten haben, dann nehmen Sie doch mit uns Kontakt auf.<\/p>\n<p><span id=\"tablepress-2-description\" class=\"tablepress-table-description tablepress-table-description-id-2\">Freie G\u00e4rten (Stand Ende M\u00e4rz 2026)<\/span>\n\n<table id=\"tablepress-2\" class=\"tablepress tablepress-id-2\" aria-describedby=\"tablepress-2-description\">\n<thead>\n<tr class=\"row-1\">\n\t<th class=\"column-1\">Garten<\/th><th class=\"column-2\">Gr\u00f6\u00dfe<\/th><th class=\"column-3\">Gartenweg<\/th><th class=\"column-4\">Bebauung<\/th><th class=\"column-5\">Bemerkung<\/th>\n<\/tr>\n<\/thead>\n<tbody class=\"row-striping row-hover\">\n<tr class=\"row-2\">\n\t<td class=\"column-1\">60<\/td><td class=\"column-2\">306 m\u00b2<\/td><td class=\"column-3\">Mittelweg<\/td><td class=\"column-4\">Holzlaube<\/td><td class=\"column-5\">ab 01.01.2027<\/td>\n<\/tr>\n<tr class=\"row-3\">\n\t<td class=\"column-1\">76<\/td><td class=\"column-2\">319 m\u00b2<\/td><td class=\"column-3\">Rosenweg<\/td><td class=\"column-4\">Holzlaube<\/td><td class=\"column-5\">ab 01.01.2027<\/td>\n<\/tr>\n<tr class=\"row-4\">\n\t<td class=\"column-1\">77<br \/>\n<\/td><td class=\"column-2\">303 m\u00b2<\/td><td class=\"column-3\">Rosenweg<\/td><td class=\"column-4\">Holzlaube<\/td><td class=\"column-5\">ab 01.01.2027<\/td>\n<\/tr>\n<tr class=\"row-5\">\n\t<td class=\"column-1\">96<\/td><td class=\"column-2\">305 m\u00b2<\/td><td class=\"column-3\">Rosenweg<\/td><td class=\"column-4\">Holzlaube<\/td><td class=\"column-5\">ab sofort<\/td>\n<\/tr>\n<tr class=\"row-6\">\n\t<td class=\"column-1\">134<\/td><td class=\"column-2\">289 m\u00b2<\/td><td class=\"column-3\">Franz-Wolf-Weg<\/td><td class=\"column-4\">Steinlaube<\/td><td class=\"column-5\">ab sofort<\/td>\n<\/tr>\n<\/tbody>\n<\/table>\n<!-- #tablepress-2 from cache --><br \/>\n<!-- Zur Zeit sind keine freien G\u00e4rten verf\u00fcgbar. Im Winterzeitraum von Dezember bis Februar erfolgt keine Gartenvergabe. Anfang M\u00e4rz informieren wir \u00fcber den aktuellen Stand unserer G\u00e4rten, die f\u00fcr eine Neuvergabe verf\u00fcgbar sind. --><\/p>\n<p><strong>Lageplan der Kleingartenanlage<\/strong> <a href=\"\/wp-content\/uploads\/2015\/03\/Lageplan.pdf\">als PDF-Dokument anschauen.<\/a><\/p>\n<p>Interessenten melden sich bitte beim Vorstand des Gartenvereins, Tel. 0172\/7979256. Geben Sie bei einer Bewerbung f\u00fcr eine erste Kontaktaufnahme <span style=\"text-decoration: underline;\">Ihre Telefonnummer<\/span> an. Bitte benutzen Sie unseren Briefkasten am Gastst\u00e4tteneingang.<\/p>\n<p><strong>Hinweis f\u00fcr Interessenten:<\/strong> F\u00fcr 2 Jahre ist eine Sicherheitshinterlegung von 250,00&nbsp;\u20ac und 20,00&nbsp;\u20ac\u00a0Vereinsmitgliedschaft bei Abschluss Pachtvertrag in bar zu leisten.<\/p>\n<p><a href=\"\/wp-content\/uploads\/2015\/04\/P1070245.jpg\"><img loading=\"lazy\" decoding=\"async\" class=\"alignnone size-medium wp-image-99\" src=\"\/wp-content\/uploads\/2015\/04\/P1070245-300x223.jpg\" alt=\"\" width=\"300\" height=\"223\" srcset=\"https:\/\/gartenglueck-chemnitz.de\/wp-content\/uploads\/2015\/04\/P1070245-300x223.jpg 300w, https:\/\/gartenglueck-chemnitz.de\/wp-content\/uploads\/2015\/04\/P1070245.jpg 642w\" sizes=\"auto, (max-width: 300px) 100vw, 300px\" \/><\/a> <a href=\"\/wp-content\/uploads\/2015\/03\/P1070252.jpg\"><img loading=\"lazy\" decoding=\"async\" class=\"alignnone size-medium wp-image-101\" src=\"\/wp-content\/uploads\/2015\/03\/P1070252-300x225.jpg\" alt=\"\" width=\"300\" height=\"225\" srcset=\"https:\/\/gartenglueck-chemnitz.de\/wp-content\/uploads\/2015\/03\/P1070252-300x225.jpg 300w, https:\/\/gartenglueck-chemnitz.de\/wp-content\/uploads\/2015\/03\/P1070252.jpg 615w\" sizes=\"auto, (max-width: 300px) 100vw, 300px\" \/><\/a><\/p>\n","protected":false},"excerpt":{"rendered":"<p>Unser Kleingartenverein verf\u00fcgt \u00fcber 338 Gartenparzellen unterschiedlicher Gr\u00f6\u00dfe und Bebauung. Hier finden Sie die zur Zeit freien G\u00e4rten. Sollten Sie Interesse an einem Garten haben, dann nehmen Sie doch mit uns Kontakt auf. Lageplan der Kleingartenanlage als PDF-Dokument anschauen. Interessenten melden sich bitte beim Vorstand des Gartenvereins, Tel. 0172\/7979256. Geben Sie bei einer Bewerbung f\u00fcr [&hellip;]<\/p>\n","protected":false},"author":5,"featured_media":0,"parent":0,"menu_order":0,"comment_status":"closed","ping_status":"closed","template":"","meta":{"footnotes":""},"class_list":["post-13","page","type-page","status-publish","hentry"],"_links":{"self":[{"href":"https:\/\/gartenglueck-chemnitz.de\/index.php?rest_route=\/wp\/v2\/pages\/13","targetHints":{"allow":["GET"]}}],"collection":[{"href":"https:\/\/gartenglueck-chemnitz.de\/index.php?rest_route=\/wp\/v2\/pages"}],"about":[{"href":"https:\/\/gartenglueck-chemnitz.de\/index.php?rest_route=\/wp\/v2\/types\/page"}],"author":[{"embeddable":true,"href":"https:\/\/gartenglueck-chemnitz.de\/index.php?rest_route=\/wp\/v2\/users\/5"}],"replies":[{"embeddable":true,"href":"https:\/\/gartenglueck-chemnitz.de\/index.php?rest_route=%2Fwp%2Fv2%2Fcomments&post=13"}],"version-history":[{"count":42,"href":"https:\/\/gartenglueck-chemnitz.de\/index.php?rest_route=\/wp\/v2\/pages\/13\/revisions"}],"predecessor-version":[{"id":570,"href":"https:\/\/gartenglueck-chemnitz.de\/index.php?rest_route=\/wp\/v2\/pages\/13\/revisions\/570"}],"wp:attachment":[{"href":"https:\/\/gartenglueck-chemnitz.de\/index.php?rest_route=%2Fwp%2Fv2%2Fmedia&parent=13"}],"curies":[{"name":"wp","href":"https:\/\/api.w.org\/{rel}","templated":true}]}}